{"id":124,"date":"2024-09-16T10:49:16","date_gmt":"2024-09-16T10:49:16","guid":{"rendered":"https:\/\/xrival.qodeinteractive.com\/?page_id=124"},"modified":"2025-09-22T03:42:54","modified_gmt":"2025-09-22T03:42:54","slug":"main-home","status":"publish","type":"page","link":"https:\/\/nsg-nordhorn.com\/","title":{"rendered":"Main Home"},"content":{"rendered":"\t\t<div data-elementor-type=\"wp-page\" data-elementor-id=\"124\" class=\"elementor elementor-124\">\n\t\t\t\t<div class=\"elementor-element elementor-element-ca7bbe7 e-con-full e-flex e-con e-parent\" data-id=\"ca7bbe7\" data-element_type=\"container\" data-settings=\"{&quot;background_background&quot;:&quot;classic&quot;}\">\n\t\t\t\t<div class=\"elementor-element elementor-element-3d9bc26 elementor-widget elementor-widget-slider_revolution\" data-id=\"3d9bc26\" data-element_type=\"widget\" data-widget_type=\"slider_revolution.default\">\n\t\t\t\t<div class=\"elementor-widget-container\">\n\t\t\t\t\t\n\t\t<div class=\"wp-block-themepunch-revslider\">\n\t\t\t\t<p class=\"rs-p-wp-fix\"><\/p>\n\t\t\t\t<sr7-module data-alias=\"main-home\" data-id=\"2\" id=\"SR7_2_1\" class=\"rs-ov-hidden\" data-version=\"6.7.34\">\n\t\t\t\t\t<sr7-adjuster><\/sr7-adjuster>\n\t\t\t\t\t<sr7-content>\n\t\t\t\t\t\t<sr7-slide id=\"SR7_2_1-3\" data-key=\"3\">\n\t\t\t\t\t\t\t<sr7-bg id=\"SR7_2_1-3-3\" class=\"sr7-layer\"><noscript><img decoding=\"async\" src=\"https:\/\/nsg-nordhorn.com\/wp-content\/uploads\/2025\/08\/468079197_122178633110132758_912553626040455176_n.jpg\" alt=\"\" title=\"468079197_122178633110132758_912553626040455176_n\"><\/noscript><\/sr7-bg>\n\t\t\t\t\t\t\t<sr7-txt id=\"SR7_2_1-3-1\" class=\"sr7-layer\">Sportsch\u00fctzengemeinschaft<\/sr7-txt>\n\t\t\t\t\t\t\t<sr7-txt id=\"SR7_2_1-3-2\" class=\"sr7-layer\">Nordhorner<\/sr7-txt>\n\t\t\t\t\t\t<\/sr7-slide>\n\t\t\t\t\t\t<sr7-slide id=\"SR7_2_1-4\" data-key=\"4\">\n\t\t\t\t\t\t\t<sr7-bg id=\"SR7_2_1-4-1\" class=\"sr7-layer\"><noscript><img decoding=\"async\" src=\"https:\/\/nsg-nordhorn.com\/wp-content\/uploads\/2025\/08\/IMG-20240925-WA0036.jpg\" alt=\"\" title=\"IMG-20240925-WA0036\"><\/noscript><\/sr7-bg>\n\t\t\t\t\t\t<\/sr7-slide>\n\t\t\t\t\t\t<sr7-slide id=\"SR7_2_1-10\" data-key=\"10\">\n\t\t\t\t\t\t<\/sr7-slide>\n\t\t\t\t\t<\/sr7-content>\n\t\t\t\t\t<image_lists style=\"display:none\">\n\t\t\t\t\t\t<img data-src=\"\/\/nsg-nordhorn.com\/wp-content\/uploads\/2025\/08\/468079197_122178633110132758_912553626040455176_n.jpg\" data-libid=\"5227\" data-lib=\"medialibrary\" title=\"468079197_122178633110132758_912553626040455176_n\" width=\"0\" height=\"0\" data-dbsrc=\"Ly9uc2ctbm9yZGhvcm4uY29tL3dwLWNvbnRlbnQvdXBsb2Fkcy8yMDI1LzA4LzQ2ODA3OTE5N18xMjIxNzg2MzMxMTAxMzI3NThfOTEyNTUzNjI2MDQwNDU1MTc2X24uanBn\"\/>\n\t\t\t\t\t\t<img data-src=\"\/\/nsg-nordhorn.com\/wp-content\/uploads\/2025\/08\/IMG-20240925-WA0036.jpg\" data-libid=\"5228\" data-lib=\"medialibrary\" title=\"IMG-20240925-WA0036\" width=\"0\" height=\"0\" data-dbsrc=\"Ly9uc2ctbm9yZGhvcm4uY29tL3dwLWNvbnRlbnQvdXBsb2Fkcy8yMDI1LzA4L0lNRy0yMDI0MDkyNS1XQTAwMzYuanBn\"\/>\n\t\t\t\t\t<\/image_lists>\n\t\t\t\t<\/sr7-module>\n\t\t\t\t<script>\n\t\t\t\t\tSR7.PMH ??={}; SR7.PMH[\"SR7_2_1\"] = {cn:100,state:false,fn: function() { if (_tpt!==undefined && _tpt.prepareModuleHeight !== undefined) {  _tpt.prepareModuleHeight({id:\"SR7_2_1\",el:[900,900,768,960,720],type:'standard',shdw:'0',gh:[900,900,768,960,720],gw:[1240,1240,1024,778,480],vpt:['-100px&#039;,&#039;-100px&#039;,&#039;-100px&#039;,&#039;-100px&#039;,&#039;-100px'],size:{fullWidth:true, fullHeight:true},fho:'',mh:'0',onh:0,onw:0,bg:{color:'{\"orig\":\"transparent\",\"type\":\"solid\",\"string\":\"transparent\"}'}});   SR7.PMH[\"SR7_2_1\"].state=true;} else if(SR7.PMH[\"SR7_2_1\"].cn-->0)\tsetTimeout( SR7.PMH[\"SR7_2_1\"].fn,19);}};SR7.PMH[\"SR7_2_1\" ].fn();\n\t\t\t\t<\/script>\n<\/div>\n\n\t\t\t\t\t\t<\/div>\n\t\t\t\t<\/div>\n\t\t\t\t<\/div>\n\t\t<div class=\"elementor-element elementor-element-9be2686 e-flex e-con-boxed e-con e-parent\" data-id=\"9be2686\" data-element_type=\"container\">\n\t\t\t\t\t<div class=\"e-con-inner\">\n\t\t\t\t<div class=\"elementor-element elementor-element-ee39dcf elementor-widget elementor-widget-text-editor\" data-id=\"ee39dcf\" data-element_type=\"widget\" data-widget_type=\"text-editor.default\">\n\t\t\t\t<div class=\"elementor-widget-container\">\n\t\t\t\t\t\t\t\t\t<h1 data-start=\"130\" data-end=\"192\">Willkommen bei der Nordhorner Sportsch\u00fctzengemeinschaft e.V.<\/h1><p data-start=\"194\" data-end=\"346\">Herzlich willkommen auf der Internetseite der <strong data-start=\"240\" data-end=\"285\">Nordhorner Sportsch\u00fctzengemeinschaft e.V.<\/strong>!<br data-start=\"286\" data-end=\"289\" \/>Wir freuen uns, dass Sie den Weg zu uns gefunden haben.<\/p><p data-start=\"348\" data-end=\"668\">Unser Verein steht f\u00fcr <strong data-start=\"371\" data-end=\"426\">Tradition, Gemeinschaft und sportliche Leidenschaft<\/strong>. Seit vielen Jahren bieten wir Sportsch\u00fctzinnen und Sportsch\u00fctzen in Nordhorn und Umgebung ein Zuhause.<\/p><p data-start=\"348\" data-end=\"668\">Egal ob <strong data-start=\"539\" data-end=\"593\">Einsteiger, Freizeitsch\u00fctze oder Wettkampfsportler<\/strong> \u2013 bei uns finden alle die richtige Disziplin und die passende Betreuung.<\/p><p data-start=\"670\" data-end=\"966\">Von <strong data-start=\"674\" data-end=\"702\">Lichtschie\u00dfen f\u00fcr Kinder<\/strong>, \u00fcber <strong data-start=\"709\" data-end=\"739\">Luftgewehr und Luftpistole<\/strong>, bis hin zu <strong data-start=\"752\" data-end=\"796\">Kleinkaliber- und Gro\u00dfkaliberdisziplinen<\/strong> reicht unser Angebot. Besonders stolz sind wir auf unsere <strong data-start=\"855\" data-end=\"883\">inklusiven Sportangebote<\/strong>, die auch Menschen mit Handicap die aktive Teilnahme am Schie\u00dfsport erm\u00f6glichen.<\/p><p data-start=\"968\" data-end=\"1166\">Neben dem Sport steht bei uns die <strong data-start=\"1002\" data-end=\"1018\">Gemeinschaft<\/strong> im Vordergrund: Freundschaft, Zusammenhalt und gemeinsame Aktivit\u00e4ten machen die Nordhorner Sportsch\u00fctzengemeinschaft zu einem lebendigen Verein.<\/p><p data-start=\"1168\" data-end=\"1283\">Schauen Sie doch einfach einmal bei einem Probetraining vorbei \u2013 wir hei\u00dfen Sie jederzeit herzlich willkommen!<\/p>\t\t\t\t\t\t\t\t<\/div>\n\t\t\t\t<\/div>\n\t\t\t\t\t<\/div>\n\t\t\t\t<\/div>\n\t\t<div class=\"elementor-element elementor-element-c3a521d e-flex e-con-boxed e-con e-parent\" data-id=\"c3a521d\" data-element_type=\"container\">\n\t\t\t\t\t<div class=\"e-con-inner\">\n\t\t\t\t<div class=\"elementor-element elementor-element-e1311d7 elementor-widget elementor-widget-video\" data-id=\"e1311d7\" data-element_type=\"widget\" data-settings=\"{&quot;video_type&quot;:&quot;hosted&quot;,&quot;controls&quot;:&quot;yes&quot;}\" data-widget_type=\"video.default\">\n\t\t\t\t<div class=\"elementor-widget-container\">\n\t\t\t\t\t\t\t<div class=\"e-hosted-video elementor-wrapper elementor-open-inline\">\n\t\t\t\t\t<video class=\"elementor-video\" src=\"https:\/\/nsg-nordhorn.com\/wp-content\/uploads\/2025\/09\/WhatsApp-Video-2025-09-12-at-09.55.45.mp4\" controls=\"\" preload=\"metadata\" controlsList=\"nodownload\"><\/video>\n\t\t\t\t<\/div>\n\t\t\t\t\t\t<\/div>\n\t\t\t\t<\/div>\n\t\t\t\t<div class=\"elementor-element elementor-element-cc73f54 elementor-widget elementor-widget-xrival_core_blog_list\" data-id=\"cc73f54\" data-element_type=\"widget\" data-widget_type=\"xrival_core_blog_list.default\">\n\t\t\t\t<div class=\"elementor-widget-container\">\n\t\t\t\t\t<div class=\"qodef-shortcode qodef-m qodef-blog qodef--list qodef-item-layout--standard qodef-grid qodef-layout--columns qodef-col-num--3 qodef-item-layout--standard qodef-pagination--off qodef-responsive--predefined qodef-swiper--show-pagination\"  data-options=\"{&quot;plugin&quot;:&quot;xrival_core&quot;,&quot;module&quot;:&quot;blog\\\/shortcodes&quot;,&quot;shortcode&quot;:&quot;blog-list&quot;,&quot;post_type&quot;:&quot;post&quot;,&quot;next_page&quot;:&quot;2&quot;,&quot;max_pages_num&quot;:1,&quot;behavior&quot;:&quot;columns&quot;,&quot;images_proportion&quot;:&quot;full&quot;,&quot;columns&quot;:&quot;3&quot;,&quot;columns_responsive&quot;:&quot;predefined&quot;,&quot;columns_1512&quot;:&quot;3&quot;,&quot;columns_1368&quot;:&quot;3&quot;,&quot;columns_1200&quot;:&quot;3&quot;,&quot;columns_1024&quot;:&quot;3&quot;,&quot;columns_880&quot;:&quot;3&quot;,&quot;columns_680&quot;:&quot;3&quot;,&quot;posts_per_page&quot;:&quot;9&quot;,&quot;orderby&quot;:&quot;date&quot;,&quot;order&quot;:&quot;DESC&quot;,&quot;layout&quot;:&quot;standard&quot;,&quot;title_tag&quot;:&quot;h4&quot;,&quot;slider_title_tag&quot;:&quot;h2&quot;,&quot;pagination_type&quot;:&quot;no-pagination&quot;,&quot;object_class_name&quot;:&quot;XrivalCore_Blog_List_Shortcode&quot;,&quot;taxonomy_filter&quot;:&quot;category&quot;,&quot;additional_query_args&quot;:[],&quot;unique&quot;:543,&quot;holder_styles&quot;:[]}\">\n\t\t<div class=\"qodef-grid-inner\">\n\t\t\n<article class=\"qodef-e qodef-blog-item qodef-grid-item qodef-item--full post-5420 post type-post status-publish format-standard hentry category-uncategorized\">\n\t<div class=\"qodef-e-inner\">\n\t\t<div class=\"qodef-e-media\">\n\t    <\/div>\n\t\t<div class=\"qodef-e-content\">\n\t\t\t<div class=\"qodef-e-top-holder\">\n\t\t\t\t<div class=\"qodef-e-info\">\n\t\t\t\t\t<div class=\"qodef-e-categories\">\n    <a href=\"https:\/\/nsg-nordhorn.com\/index.php\/category\/uncategorized\/\" rel=\"tag\">Uncategorized<\/a><\/div>\n<div class=\"qodef-info-separator-end\"><\/div>\t\t\t\t<\/div>\n\t\t\t<\/div>\n\t\t\t<div class=\"qodef-e-text\">\n\t\t\t\t<h4 itemprop=\"name\" class=\"qodef-e-title entry-title\" >\n\t<a itemprop=\"url\" class=\"qodef-e-title-link\" href=\"https:\/\/nsg-nordhorn.com\/index.php\/2026\/03\/09\/5420\/\">\n\t\t\t<\/a>\n<\/h4>\n\t\t\t<\/div>\n\t\t\t<div class=\"qodef-e-bottom-holder\">\n                \t<div class=\"qodef-e-read-more\">\n\t\t<a class=\"qodef-shortcode qodef-m qodef-button qodef-layout--filled qodef-html--link\" href=\"https:\/\/nsg-nordhorn.com\/index.php\/2026\/03\/09\/5420\/\" target=\"_self\" >\t<span class=\"qodef-m-text\" data-title=\"Read More\">Read More<\/span>    <span class=\"qodef-btn-arrow\"><svg class=\"qodef-svg--btn-arrow\" xmlns=\"http:\/\/www.w3.org\/2000\/svg\" width=\"13.458\" height=\"13.574\" viewBox=\"0 0 13.458 13.574\"><g><path d=\"m4.74.766 7.164 6.02-7.163 6.022\"\/><path d=\"M11.904 6.787H.004\"\/><\/g><g><path d=\"m4.74.766 7.164 6.02-7.163 6.022\"\/><path d=\"M11.904 6.787H.004\"\/><\/g><\/svg><\/span><\/a>\t<\/div>\n\t\t\t<\/div>\n\t\t<\/div>\n\t<\/div>\n<\/article>\n<article class=\"qodef-e qodef-blog-item qodef-grid-item qodef-item--full post-5406 post type-post status-publish format-standard hentry category-uncategorized\">\n\t<div class=\"qodef-e-inner\">\n\t\t<div class=\"qodef-e-media\">\n\t    <\/div>\n\t\t<div class=\"qodef-e-content\">\n\t\t\t<div class=\"qodef-e-top-holder\">\n\t\t\t\t<div class=\"qodef-e-info\">\n\t\t\t\t\t<div class=\"qodef-e-categories\">\n    <a href=\"https:\/\/nsg-nordhorn.com\/index.php\/category\/uncategorized\/\" rel=\"tag\">Uncategorized<\/a><\/div>\n<div class=\"qodef-info-separator-end\"><\/div>\t\t\t\t<\/div>\n\t\t\t<\/div>\n\t\t\t<div class=\"qodef-e-text\">\n\t\t\t\t<h4 itemprop=\"name\" class=\"qodef-e-title entry-title\" >\n\t<a itemprop=\"url\" class=\"qodef-e-title-link\" href=\"https:\/\/nsg-nordhorn.com\/index.php\/2026\/03\/09\/5406\/\">\n\t\t\t<\/a>\n<\/h4>\n\t\t\t<\/div>\n\t\t\t<div class=\"qodef-e-bottom-holder\">\n                \t<div class=\"qodef-e-read-more\">\n\t\t<a class=\"qodef-shortcode qodef-m qodef-button qodef-layout--filled qodef-html--link\" href=\"https:\/\/nsg-nordhorn.com\/index.php\/2026\/03\/09\/5406\/\" target=\"_self\" >\t<span class=\"qodef-m-text\" data-title=\"Read More\">Read More<\/span>    <span class=\"qodef-btn-arrow\"><svg class=\"qodef-svg--btn-arrow\" xmlns=\"http:\/\/www.w3.org\/2000\/svg\" width=\"13.458\" height=\"13.574\" viewBox=\"0 0 13.458 13.574\"><g><path d=\"m4.74.766 7.164 6.02-7.163 6.022\"\/><path d=\"M11.904 6.787H.004\"\/><\/g><g><path d=\"m4.74.766 7.164 6.02-7.163 6.022\"\/><path d=\"M11.904 6.787H.004\"\/><\/g><\/svg><\/span><\/a>\t<\/div>\n\t\t\t<\/div>\n\t\t<\/div>\n\t<\/div>\n<\/article>\n<article class=\"qodef-e qodef-blog-item qodef-grid-item qodef-item--full post-5387 post type-post status-publish format-standard hentry category-uncategorized\">\n\t<div class=\"qodef-e-inner\">\n\t\t<div class=\"qodef-e-media\">\n\t    <\/div>\n\t\t<div class=\"qodef-e-content\">\n\t\t\t<div class=\"qodef-e-top-holder\">\n\t\t\t\t<div class=\"qodef-e-info\">\n\t\t\t\t\t<div class=\"qodef-e-categories\">\n    <a href=\"https:\/\/nsg-nordhorn.com\/index.php\/category\/uncategorized\/\" rel=\"tag\">Uncategorized<\/a><\/div>\n<div class=\"qodef-info-separator-end\"><\/div>\t\t\t\t<\/div>\n\t\t\t<\/div>\n\t\t\t<div class=\"qodef-e-text\">\n\t\t\t\t<h4 itemprop=\"name\" class=\"qodef-e-title entry-title\" >\n\t<a itemprop=\"url\" class=\"qodef-e-title-link\" href=\"https:\/\/nsg-nordhorn.com\/index.php\/2026\/03\/09\/offizielle-eroeffnung-des-schiesssportzentrum\/\">\n\t\tOffizielle Er\u00f6ffnung des Schie\u00dfsportzentrum\t<\/a>\n<\/h4>\n\t\t<p itemprop=\"description\" class=\"qodef-e-excerpt\">volles Haus mit G\u00e4sten aus Politik, Wirtschaft und Mitgliedern Die Nordhorner Sportsch\u00fctzengemeinschaft mit ihrem Vorsitzenden Manfred H\u00f6lscher konnten rund 80 G\u00e4ste zur offizi<\/p>\n\t\t\t\t\t<\/div>\n\t\t\t<div class=\"qodef-e-bottom-holder\">\n                \t<div class=\"qodef-e-read-more\">\n\t\t<a class=\"qodef-shortcode qodef-m qodef-button qodef-layout--filled qodef-html--link\" href=\"https:\/\/nsg-nordhorn.com\/index.php\/2026\/03\/09\/offizielle-eroeffnung-des-schiesssportzentrum\/\" target=\"_self\" >\t<span class=\"qodef-m-text\" data-title=\"Read More\">Read More<\/span>    <span class=\"qodef-btn-arrow\"><svg class=\"qodef-svg--btn-arrow\" xmlns=\"http:\/\/www.w3.org\/2000\/svg\" width=\"13.458\" height=\"13.574\" viewBox=\"0 0 13.458 13.574\"><g><path d=\"m4.74.766 7.164 6.02-7.163 6.022\"\/><path d=\"M11.904 6.787H.004\"\/><\/g><g><path d=\"m4.74.766 7.164 6.02-7.163 6.022\"\/><path d=\"M11.904 6.787H.004\"\/><\/g><\/svg><\/span><\/a>\t<\/div>\n\t\t\t<\/div>\n\t\t<\/div>\n\t<\/div>\n<\/article>\n<article class=\"qodef-e qodef-blog-item qodef-grid-item qodef-item--full post-5379 post type-post status-publish format-standard hentry category-uncategorized\">\n\t<div class=\"qodef-e-inner\">\n\t\t<div class=\"qodef-e-media\">\n\t    <\/div>\n\t\t<div class=\"qodef-e-content\">\n\t\t\t<div class=\"qodef-e-top-holder\">\n\t\t\t\t<div class=\"qodef-e-info\">\n\t\t\t\t\t<div class=\"qodef-e-categories\">\n    <a href=\"https:\/\/nsg-nordhorn.com\/index.php\/category\/uncategorized\/\" rel=\"tag\">Uncategorized<\/a><\/div>\n<div class=\"qodef-info-separator-end\"><\/div>\t\t\t\t<\/div>\n\t\t\t<\/div>\n\t\t\t<div class=\"qodef-e-text\">\n\t\t\t\t<h4 itemprop=\"name\" class=\"qodef-e-title entry-title\" >\n\t<a itemprop=\"url\" class=\"qodef-e-title-link\" href=\"https:\/\/nsg-nordhorn.com\/index.php\/2026\/02\/13\/eroeffnung-schiessstand\/\">\n\t\tEr\u00f6ffnung Schie\u00dfstand\t<\/a>\n<\/h4>\n\t\t\t<\/div>\n\t\t\t<div class=\"qodef-e-bottom-holder\">\n                \t<div class=\"qodef-e-read-more\">\n\t\t<a class=\"qodef-shortcode qodef-m qodef-button qodef-layout--filled qodef-html--link\" href=\"https:\/\/nsg-nordhorn.com\/index.php\/2026\/02\/13\/eroeffnung-schiessstand\/\" target=\"_self\" >\t<span class=\"qodef-m-text\" data-title=\"Read More\">Read More<\/span>    <span class=\"qodef-btn-arrow\"><svg class=\"qodef-svg--btn-arrow\" xmlns=\"http:\/\/www.w3.org\/2000\/svg\" width=\"13.458\" height=\"13.574\" viewBox=\"0 0 13.458 13.574\"><g><path d=\"m4.74.766 7.164 6.02-7.163 6.022\"\/><path d=\"M11.904 6.787H.004\"\/><\/g><g><path d=\"m4.74.766 7.164 6.02-7.163 6.022\"\/><path d=\"M11.904 6.787H.004\"\/><\/g><\/svg><\/span><\/a>\t<\/div>\n\t\t\t<\/div>\n\t\t<\/div>\n\t<\/div>\n<\/article>\n<article class=\"qodef-e qodef-blog-item qodef-grid-item qodef-item--full post-5366 post type-post status-publish format-standard hentry category-uncategorized\">\n\t<div class=\"qodef-e-inner\">\n\t\t<div class=\"qodef-e-media\">\n\t    <\/div>\n\t\t<div class=\"qodef-e-content\">\n\t\t\t<div class=\"qodef-e-top-holder\">\n\t\t\t\t<div class=\"qodef-e-info\">\n\t\t\t\t\t<div class=\"qodef-e-categories\">\n    <a href=\"https:\/\/nsg-nordhorn.com\/index.php\/category\/uncategorized\/\" rel=\"tag\">Uncategorized<\/a><\/div>\n<div class=\"qodef-info-separator-end\"><\/div>\t\t\t\t<\/div>\n\t\t\t<\/div>\n\t\t\t<div class=\"qodef-e-text\">\n\t\t\t\t<h4 itemprop=\"name\" class=\"qodef-e-title entry-title\" >\n\t<a itemprop=\"url\" class=\"qodef-e-title-link\" href=\"https:\/\/nsg-nordhorn.com\/index.php\/2026\/02\/13\/unsere-medailiengewinner\/\">\n\t\tUnsere Medailiengewinner\t<\/a>\n<\/h4>\n\t\t<p itemprop=\"description\" class=\"qodef-e-excerpt\">bei den Bezirksmeisterschaften 2026 Luftgewehr<\/p>\n\t\t\t\t\t<\/div>\n\t\t\t<div class=\"qodef-e-bottom-holder\">\n                \t<div class=\"qodef-e-read-more\">\n\t\t<a class=\"qodef-shortcode qodef-m qodef-button qodef-layout--filled qodef-html--link\" href=\"https:\/\/nsg-nordhorn.com\/index.php\/2026\/02\/13\/unsere-medailiengewinner\/\" target=\"_self\" >\t<span class=\"qodef-m-text\" data-title=\"Read More\">Read More<\/span>    <span class=\"qodef-btn-arrow\"><svg class=\"qodef-svg--btn-arrow\" xmlns=\"http:\/\/www.w3.org\/2000\/svg\" width=\"13.458\" height=\"13.574\" viewBox=\"0 0 13.458 13.574\"><g><path d=\"m4.74.766 7.164 6.02-7.163 6.022\"\/><path d=\"M11.904 6.787H.004\"\/><\/g><g><path d=\"m4.74.766 7.164 6.02-7.163 6.022\"\/><path d=\"M11.904 6.787H.004\"\/><\/g><\/svg><\/span><\/a>\t<\/div>\n\t\t\t<\/div>\n\t\t<\/div>\n\t<\/div>\n<\/article>\n<article class=\"qodef-e qodef-blog-item qodef-grid-item qodef-item--full post-5344 post type-post status-publish format-standard hentry category-uncategorized\">\n\t<div class=\"qodef-e-inner\">\n\t\t<div class=\"qodef-e-media\">\n\t    <\/div>\n\t\t<div class=\"qodef-e-content\">\n\t\t\t<div class=\"qodef-e-top-holder\">\n\t\t\t\t<div class=\"qodef-e-info\">\n\t\t\t\t\t<div class=\"qodef-e-categories\">\n    <a href=\"https:\/\/nsg-nordhorn.com\/index.php\/category\/uncategorized\/\" rel=\"tag\">Uncategorized<\/a><\/div>\n<div class=\"qodef-info-separator-end\"><\/div>\t\t\t\t<\/div>\n\t\t\t<\/div>\n\t\t\t<div class=\"qodef-e-text\">\n\t\t\t\t<h4 itemprop=\"name\" class=\"qodef-e-title entry-title\" >\n\t<a itemprop=\"url\" class=\"qodef-e-title-link\" href=\"https:\/\/nsg-nordhorn.com\/index.php\/2025\/12\/18\/pokalsieger-der-stadtmeisterschaft\/\">\n\t\tPokalsieger der Stadtmeisterschaft\t<\/a>\n<\/h4>\n\t\t\t<\/div>\n\t\t\t<div class=\"qodef-e-bottom-holder\">\n                \t<div class=\"qodef-e-read-more\">\n\t\t<a class=\"qodef-shortcode qodef-m qodef-button qodef-layout--filled qodef-html--link\" href=\"https:\/\/nsg-nordhorn.com\/index.php\/2025\/12\/18\/pokalsieger-der-stadtmeisterschaft\/\" target=\"_self\" >\t<span class=\"qodef-m-text\" data-title=\"Read More\">Read More<\/span>    <span class=\"qodef-btn-arrow\"><svg class=\"qodef-svg--btn-arrow\" xmlns=\"http:\/\/www.w3.org\/2000\/svg\" width=\"13.458\" height=\"13.574\" viewBox=\"0 0 13.458 13.574\"><g><path d=\"m4.74.766 7.164 6.02-7.163 6.022\"\/><path d=\"M11.904 6.787H.004\"\/><\/g><g><path d=\"m4.74.766 7.164 6.02-7.163 6.022\"\/><path d=\"M11.904 6.787H.004\"\/><\/g><\/svg><\/span><\/a>\t<\/div>\n\t\t\t<\/div>\n\t\t<\/div>\n\t<\/div>\n<\/article>\n<article class=\"qodef-e qodef-blog-item qodef-grid-item qodef-item--full post-5341 post type-post status-publish format-standard hentry category-uncategorized\">\n\t<div class=\"qodef-e-inner\">\n\t\t<div class=\"qodef-e-media\">\n\t    <\/div>\n\t\t<div class=\"qodef-e-content\">\n\t\t\t<div class=\"qodef-e-top-holder\">\n\t\t\t\t<div class=\"qodef-e-info\">\n\t\t\t\t\t<div class=\"qodef-e-categories\">\n    <a href=\"https:\/\/nsg-nordhorn.com\/index.php\/category\/uncategorized\/\" rel=\"tag\">Uncategorized<\/a><\/div>\n<div class=\"qodef-info-separator-end\"><\/div>\t\t\t\t<\/div>\n\t\t\t<\/div>\n\t\t\t<div class=\"qodef-e-text\">\n\t\t\t\t<h4 itemprop=\"name\" class=\"qodef-e-title entry-title\" >\n\t<a itemprop=\"url\" class=\"qodef-e-title-link\" href=\"https:\/\/nsg-nordhorn.com\/index.php\/2025\/12\/18\/unser-neuer-elektronischer-schiessstand\/\">\n\t\tUnser neuer elektronischer Schie\u00dfstand\t<\/a>\n<\/h4>\n\t\t\t<\/div>\n\t\t\t<div class=\"qodef-e-bottom-holder\">\n                \t<div class=\"qodef-e-read-more\">\n\t\t<a class=\"qodef-shortcode qodef-m qodef-button qodef-layout--filled qodef-html--link\" href=\"https:\/\/nsg-nordhorn.com\/index.php\/2025\/12\/18\/unser-neuer-elektronischer-schiessstand\/\" target=\"_self\" >\t<span class=\"qodef-m-text\" data-title=\"Read More\">Read More<\/span>    <span class=\"qodef-btn-arrow\"><svg class=\"qodef-svg--btn-arrow\" xmlns=\"http:\/\/www.w3.org\/2000\/svg\" width=\"13.458\" height=\"13.574\" viewBox=\"0 0 13.458 13.574\"><g><path d=\"m4.74.766 7.164 6.02-7.163 6.022\"\/><path d=\"M11.904 6.787H.004\"\/><\/g><g><path d=\"m4.74.766 7.164 6.02-7.163 6.022\"\/><path d=\"M11.904 6.787H.004\"\/><\/g><\/svg><\/span><\/a>\t<\/div>\n\t\t\t<\/div>\n\t\t<\/div>\n\t<\/div>\n<\/article>\n<article class=\"qodef-e qodef-blog-item qodef-grid-item qodef-item--full post-5330 post type-post status-publish format-standard hentry category-uncategorized\">\n\t<div class=\"qodef-e-inner\">\n\t\t<div class=\"qodef-e-media\">\n\t    <\/div>\n\t\t<div class=\"qodef-e-content\">\n\t\t\t<div class=\"qodef-e-top-holder\">\n\t\t\t\t<div class=\"qodef-e-info\">\n\t\t\t\t\t<div class=\"qodef-e-categories\">\n    <a href=\"https:\/\/nsg-nordhorn.com\/index.php\/category\/uncategorized\/\" rel=\"tag\">Uncategorized<\/a><\/div>\n<div class=\"qodef-info-separator-end\"><\/div>\t\t\t\t<\/div>\n\t\t\t<\/div>\n\t\t\t<div class=\"qodef-e-text\">\n\t\t\t\t<h4 itemprop=\"name\" class=\"qodef-e-title entry-title\" >\n\t<a itemprop=\"url\" class=\"qodef-e-title-link\" href=\"https:\/\/nsg-nordhorn.com\/index.php\/2025\/12\/17\/stadtmeisterschaften-2025\/\">\n\t\tStadtmeisterschaften 2025\t<\/a>\n<\/h4>\n\t\t<p itemprop=\"description\" class=\"qodef-e-excerpt\">Ergebnisse:<\/p>\n\t\t\t\t\t<\/div>\n\t\t\t<div class=\"qodef-e-bottom-holder\">\n                \t<div class=\"qodef-e-read-more\">\n\t\t<a class=\"qodef-shortcode qodef-m qodef-button qodef-layout--filled qodef-html--link\" href=\"https:\/\/nsg-nordhorn.com\/index.php\/2025\/12\/17\/stadtmeisterschaften-2025\/\" target=\"_self\" >\t<span class=\"qodef-m-text\" data-title=\"Read More\">Read More<\/span>    <span class=\"qodef-btn-arrow\"><svg class=\"qodef-svg--btn-arrow\" xmlns=\"http:\/\/www.w3.org\/2000\/svg\" width=\"13.458\" height=\"13.574\" viewBox=\"0 0 13.458 13.574\"><g><path d=\"m4.74.766 7.164 6.02-7.163 6.022\"\/><path d=\"M11.904 6.787H.004\"\/><\/g><g><path d=\"m4.74.766 7.164 6.02-7.163 6.022\"\/><path d=\"M11.904 6.787H.004\"\/><\/g><\/svg><\/span><\/a>\t<\/div>\n\t\t\t<\/div>\n\t\t<\/div>\n\t<\/div>\n<\/article>\n\t<\/div>\n\t<\/div>\n\t\t\t\t<\/div>\n\t\t\t\t<\/div>\n\t\t\t\t\t<\/div>\n\t\t\t\t<\/div>\n\t\t\t\t<\/div>\n\t\t","protected":false},"excerpt":{"rendered":"<p>Willkommen bei der Nordhorner Sportsch\u00fctzengemeinschaft e.V. Herzlich willkommen auf der Internetseite der Nordhorner Sportsch\u00fctzengemeinschaft e.V.!Wir freuen uns, dass Sie den Weg zu uns gefunden haben. Unser Verein steht f\u00fcr Tradition, Gemeinschaft und sportliche Leidenschaft. Seit vielen Jahren bieten wir Sportsch\u00fctzinnen und Sportsch\u00fctzen in Nordhorn und Umgebung ein Zuhause. Egal ob Einsteiger, Freizeitsch\u00fctze oder Wettkampfsportler \u2013 [&hellip;]<\/p>\n","protected":false},"author":1,"featured_media":5102,"parent":0,"menu_order":0,"comment_status":"closed","ping_status":"closed","template":"page-full-width.php","meta":{"footnotes":""},"class_list":["post-124","page","type-page","status-publish","has-post-thumbnail","hentry"],"_links":{"self":[{"href":"https:\/\/nsg-nordhorn.com\/index.php\/wp-json\/wp\/v2\/pages\/124","targetHints":{"allow":["GET"]}}],"collection":[{"href":"https:\/\/nsg-nordhorn.com\/index.php\/wp-json\/wp\/v2\/pages"}],"about":[{"href":"https:\/\/nsg-nordhorn.com\/index.php\/wp-json\/wp\/v2\/types\/page"}],"author":[{"embeddable":true,"href":"https:\/\/nsg-nordhorn.com\/index.php\/wp-json\/wp\/v2\/users\/1"}],"replies":[{"embeddable":true,"href":"https:\/\/nsg-nordhorn.com\/index.php\/wp-json\/wp\/v2\/comments?post=124"}],"version-history":[{"count":6,"href":"https:\/\/nsg-nordhorn.com\/index.php\/wp-json\/wp\/v2\/pages\/124\/revisions"}],"predecessor-version":[{"id":5328,"href":"https:\/\/nsg-nordhorn.com\/index.php\/wp-json\/wp\/v2\/pages\/124\/revisions\/5328"}],"wp:featuredmedia":[{"embeddable":true,"href":"https:\/\/nsg-nordhorn.com\/index.php\/wp-json\/wp\/v2\/media\/5102"}],"wp:attachment":[{"href":"https:\/\/nsg-nordhorn.com\/index.php\/wp-json\/wp\/v2\/media?parent=124"}],"curies":[{"name":"wp","href":"https:\/\/api.w.org\/{rel}","templated":true}]}}